nd 101932545?
2145
What is the greatest common factor of 929227 and 13?
13
What is the highest common factor of 17544643 and 53?
53
What is the highest common factor of 44 and 14352613?
11
Calculate the highest common divisor of 29788590 and 4080.
510
Calculate the highest common factor of 2035 and 1650385.
2035
What is the highest common factor of 715326 and 87618?
102
Calculate the greatest common divisor of 1511092 and 96624.
2684
What is the highest common factor of 4422432 and 32?
32
What is the greatest common divisor of 1251873 and 1674?
279
What is the greatest common factor of 134159 and 530955?
437
What is the highest common factor of 3354 and 8403096?
78
What is the highest common factor of 4286140 and 14760?
820
What is the highest common factor of 132427 and 220127?
877
Calculate the highest common factor of 2311414 and 25466.
1498
Calculate the greatest common factor of 51 and 13143550.
17
Calculate the greatest common divisor of 46276255 and 25.
5
Calculate the greatest common factor of 11282 and 866.
2
Calculate the greatest common divisor of 26198909 and 759.
253
Calculate the greatest common factor of 5800636 and 1020995.
3461
What is the greatest common divisor of 247 and 133919201?
247
Calculate the highest common factor of 3793512 and 72588.
3156
What is the highest common divisor of 107198274 and 3156?
1578
What is the highest common divisor of 2635717 and 7?
7
Calculate the highest common factor of 163812 and 1448028.
876
What is the greatest common factor of 5154953 and 3427?
149
Calculate the greatest common divisor of 547857 and 918.
27
What is the greatest common divisor of 938507411 and 4497?
1499
Calculate the highest common factor of 482358 and 4488.
102
Calculate the highest common factor of 3087 and 3810177.
63
Calculate the greatest common divisor of 314 and 706679294.
314
What is the highest common divisor of 277168015 and 905?
905
What is the highest common factor of 15828 and 2076?
12
What is the highest common divisor of 23180 and 7828?
76
What is the highest common divisor of 7492130 and 1480?
370
What is the highest common factor of 107052 and 2684?
44
Calculate the greatest common divisor of 544441 and 3543.
1181
Calculate the greatest common factor of 48450 and 16730550.
2550
Calculate the greatest common factor of 152292 and 6686442.
2058
What is the greatest common factor of 544 and 83214728?
136
What is the highest common factor of 4 and 100413448?
4
What is the highest common factor of 39721 and 2810071?
253
What is the highest common factor of 65688437 and 25485?
1699
Calculate the greatest common factor of 17823453 and 24.
3
What is the highest common divisor of 524005 and 460?
5
What is the highest common divisor of 62020 and 5650?
10
What is the highest common divisor of 2136 and 55818219?
267
What is the highest common factor of 15431 and 51935?
13
What is the greatest common divisor of 704 and 292552?
8
What is the greatest common factor of 243913 and 4595059?
1637
What is the highest common factor of 10050826 and 2512?
314
What is the greatest common factor of 446318 and 62866?
34
What is the highest common factor of 8666233 and 278?
139
Calculate the greatest common factor of 176 and 258379.
11
Calculate the greatest common factor of 88192 and 4346.
106
What is the greatest common factor of 814 and 20962128?
814
Calculate the greatest common factor of 243781472 and 16.
16
Calculate the highest common factor of 156 and 10187124.
12
Calculate the highest common factor of 165289 and 238185.
67
What is the greatest common divisor of 8658512 and 688?
16
What is the highest common divisor of 5091015 and 370?
185
Calculate the highest common factor of 10384 and 276592.
944
What is the greatest common divisor of 98 and 44373763?
49
What is the highest common divisor of 551 and 87695507?
551
Calculate the greatest common divisor of 448 and 45307808.
224
Calculate the greatest common divisor of 1639980 and 396.
36
What is the highest common divisor of 2421 and 51537441?
807
Calculate the greatest common factor of 387 and 812875053.
129
What is the greatest common divisor of 12319 and 1227923?
97
Calculate the highest common divisor of 195 and 224133.
39
What is the highest common divisor of 198616 and 31537?
671
Calculate the highest common factor of 232835699 and 140647.
10819
Calculate the highest common divisor of 5132 and 225148538.
2566
Calculate the highest common divisor of 18 and 66489894.
18
Calculate the greatest common factor of 2025 and 3644275.
25
Calculate the greatest common divisor of 17224131 and 584.
73
What is the greatest common factor of 10881 and 414284?
403
What is the greatest common factor of 831 and 204823218?
831
Calculate the highest common divisor of 720544 and 7216.
176
Calculate the greatest common divisor of 231 and 4387922.
77
What is the greatest common divisor of 12601570 and 10?
10
What is the greatest common factor of 79551507 and 14?
7
What is the highest common divisor of 234424 and 256?
8
What is the highest common divisor of 1766671 and 114095?
1201
What is the highest common factor of 117 and 2258061?
39
What is the highest common divisor of 136698751 and 119?
119
What is the greatest common divisor of 163 and 16898047?
163
What is the highest common factor of 14913000 and 159750?
2250
What is the greatest common divisor of 6200924 and 16?
4
Calculate the highest common factor of 8984872 and 988.
988
What is the greatest common factor of 4 and 1821603?
1
What is the greatest common divisor of 53360 and 222284420?
13340
What is the greatest common factor of 338893366 and 4970?
994
What is the highest common divisor of 127547 and 3973?
137
Calculate the greatest common factor of 4789036 and 6834.
34
Calculate the greatest common factor of 87631236 and 404.
404
What is the highest common factor of 73 and 129904303?
73
Calculate the highest common factor of 457524 and 9885096.
6444
Calculate the greatest common divisor of 1585717 and 7.
7
What is the greatest common factor of 31106098 and 118?
118
Calculate the highest common divisor of 82703 and 17753.
433
What is the greatest common divisor of 86813527 and 95?
19
Calculate the greatest common factor of 192010 and 36582.
182
Calculate the highest common factor of 11400252 and 24.
12
What is the highest common factor of 1277856 and 2523?
87
What is the greatest common factor of 240 and 43576730?
10
What is the greatest common divisor of 1982 and 561570961?
991
What is the greatest common divisor of 91029 and 4153191?
57
Calculate the greatest common factor of 3492045 and 171.
9
Calculate the greatest common factor of 1902031 and 1886.
943
Calculate the greatest common divisor of 269003735 and 20.
5
What is the highest common divisor of 6726258 and 15318?
414
Calculate the greatest common divisor of 44 and 123673.
11
What is the greatest common factor of 695415 and 6433560?
3885
Calculate the greatest common factor of 1776 and 21328872.
888
Calculate the highest common divisor of 70904704 and 32.
32
Calculate the highest common divisor of 7 and 207526732.
7
Calculate the highest common factor of 11257720 and 18284.
2612
What is the highest common divisor of 162 and 75014208?
54
Calculate the highest common divisor of 2676 and 185304972.
2676
What is the highest common divisor of 7306006 and 1954?
1954
Calculate the greatest common divisor of 99144100 and 330.
110
Calculate the highest common factor of 888 and 272464707.
111
Calculate the greatest common factor of 24574746 and 42.
42
What is the greatest common factor of 16734082 and 803?
73
What is the greatest common factor of 70453594 and 13808?
1726
Calculate the greatest common divisor of 126976 and 8448.
256
Calculate the highest common divisor of 10404 and 7148772.
612
Calculate the greatest common factor of 446253 and 9861.
57
Calculate the greatest common factor of 2682 and 117081.
9
Calculate the greatest common factor of 329370 and 31245.
15
What is the highest common factor of 19602 and 249?
3
Calculate the highest common factor of 903 and 79415.
7
Calculate the highest common divisor of 12538265 and 10115.
1445
Calculate the greatest common divisor of 33957969 and 1695.
339
What is the highest common divisor of 6325770 and 440?
110
What is the high